x be 1*(-10 - (-7 - 1)). Let n(i) = -2*i + 3. Let v be n(x). What is the greatest common factor of 161 and v?
7
Suppose 9*j + 359 = -424. Let u be -1 - j - (-4 - (-2 - 7)). What is the highest common factor of 45 and u?
9
Let x(n) = 5*n - 2. Let z = 8 + -6. Let v be x(z). Suppose -2*q = -4*b + 122, 0 = -4*b - 13*q + 14*q + 125. Calculate the highest common factor of b and v.
8
Suppose -175*b + 18*b - 57*b + 34454 = 0. Calculate the highest common divisor of b and 14.
7
Suppose -w - 1 = 4, -k + 2*w + 4 = 0. Let c = k - -3. Let b = 3 - c. What is the highest common divisor of b and 6?
6
Let b = 8756 + -7867. What is the greatest common factor of 7 and b?
7
Let x = -2333 + 2887. Calculate the highest common factor of x and 4.
2
Suppose -65*z + 558 = -19*z - 40. Suppose 1 = 3*u - 5. Suppose -3*s + 316 = -4*g, u*s + 102 - 307 = -3*g. Calculate the greatest common divisor of s and z.
13
Let t(o) = o**2 + 27*o - 1884. Let r be t(44). Calculate the greatest common divisor of r and 2.
2
Let w = -72 + 81. Suppose -31 + w = -11*x. Suppose -p - x*a = -42, 0 = p + 4*a - 6 - 32. What is the greatest common divisor of p and 115?
23
Let d(f) = -6*f**3 + 42*f**2 + 2*f - 3. Let l be d(7). Suppose 3*a + o - 1761 = -2*a, 4*a + 3*o - 1411 = 0. What is the greatest common factor of l and a?
11
Let a = 521 - 258. Suppose 137 = 8*q - a. What is the greatest common factor of 4 and q?
2
Let p(a) = -45*a - 3785. Let j be p(-85). Calculate the highest common divisor of 1420 and j.
20
Suppose -74*j + 177*j = 54075. Calculate the highest common divisor of 75 and j.
75
Let h(c) = -15 - 19 - 23 + 10*c + 13. Let r be h(6). Suppose -4*k = -2*g + 6 + 6, -5*g - 3*k = -95. Calculate the highest common factor of g and r.
16
Let f = 93 + -43. Let y(l) = -l**3 - 9*l**2 - 19*l - 21. Let s be y(-9). Let v = 170 - s. Calculate the highest common divisor of f and v.
10
Suppose -1615 = 97*b - 102*b - 5*f, 2*b - 681 = 5*f. Calculate the greatest common divisor of b and 779.
41
Suppose -c + 2*d + 57 = 0, -4*c + 2*d + 108 = -2*c. Let a be 31/2 + c/(-34). Suppose 108 = -5*f + a*f. Calculate the highest common divisor of 36 and f.
12
Let p be (-1 - 80)/((-3)/8). Let m = 246 - p. Let a be (57/(-6) - -2)*-2. What is the greatest common divisor of m and a?
15
Suppose 6*w - 4*w = 2*z - 24, w - 28 = -3*z. Suppose -z*c = -3*c. Let u be 0 + 4 + 116/(c + 4). Calculate the highest common factor of u and 22.
11
Suppose 74 = 2*o + i, 2*i - 6 = -i. Let b(s) = 4*s**2 - 135*s + 833. Let v be b(31). What is the greatest common divisor of o and v?
12
Suppose -14*j - 875174 = -73*j + 479997. What is the highest common factor of j and 103?
103
Let o be 480/27 - 14/(-63). Let a be 227 - (-42)/(0 - -6). What is the highest common divisor of o and a?
18
Let m be (38 - 8)/(2 - 2/4). Let z be 4/(-5) - ((-1736)/m + -1). Calculate the greatest common divisor of 522 and z.
87
Let b be (-181 - (12 + -22))/(-1). Let f(s) = 3*s + 8. Let i be f(10). What is the highest common factor of b and i?
19
Let y(c) = -2*c**3 + 3*c**2 - 13*c + 115. Let h be y(0). What is the highest common factor of 690 and h?
115
Let q(f) = 137*f - 8443. Let x be q(63). What is the greatest common factor of 16732 and x?
188
Let p = 180 - 173. Suppose 724 + 284 = p*c. What is the highest common divisor of c and 36?
36
Let c(l) = -2*l + 12. Let o be c(3). Suppose u - 29 = o*h - 4*h, -55 = -2*u + 3*h. Let a = u - 11. What is the highest common divisor of 24 and a?
12
Let u = -796 - -1260. What is the greatest common factor of 128 and u?
16
Let y be (-9 + 8)*((-90)/60)/((-3)/(-74)). Calculate the highest common divisor of 8991 and y.
37
Let c be ((-11)/99)/((-5)/45). Let p(l) = 165*l**3 - l**2 + 3*l - 2. Let h be p(c). What is the highest common divisor of h and 275?
55
Suppose 2770 = 39*r + 238*r. What is the highest common divisor of r and 4105?
5
Let r(d) = 300*d + 1802. Let g be r(-6). Calculate the greatest common factor of 486 and g.
2
Suppose k - 804 + 120 = -5*t, t + 2*k - 144 = 0. Let x = 62 + 57. Calculate the greatest common divisor of t and x.
17
Suppose 2*a + 225 - 221 = 0, p - 3*a - 428 = 0. What is the greatest common divisor of 5697 and p?
211
Suppose 27 - 19 = 2*c. Suppose -5*o + 4*h + 80 = 0, -120 = -9*o + c*o - 4*h. What is the greatest common divisor of o and 920?
20
Let l(m) = 1300*m + 135. Let x be l(3). Calculate the greatest common factor of x and 10.
5
Suppose 5*r = 3*q + 19, -4*q = -5*r + 3 + 14. What is the greatest common divisor of r and 3525?
5
Let a = -1 + -3. Let o be 1 + a - (-5)/(45/36). Calculate the greatest common divisor of 8 and o.
1
Let o be (110/(-44))/(20*2/(-752)). Let v be 23/(-2 - 190/(-94)). Calculate the greatest common factor of v and o.
47
Let l be (25/10)/((-33)/(-16) - 2). Suppose l*n - 1184 = 616. Calculate the highest common factor of n and 35.
5
Let y = 208 - 206. Suppose 4*r = 118 + y. What is the highest common divisor of 240 and r?
30
Let l(y) = 835*y + 1188. Let c be l(5). Calculate the greatest common factor of c and 62.
31
Let u be ((-3 - 1) + 64)/(-9 - -11). Calculate the highest common factor of 312 and u.
6
Suppose 0*u = 5*u. Let q(a) = a**3 - a**2 - a + 21. Let p be q(u). Let f = -264402 - -264408. What is the highest common divisor of p and f?
3
Suppose -61*n = -5205 - 3213. Calculate the highest common factor of 12995 and n.
23
Let r = 220 - 389. Let w = -151 - r. Calculate the highest common factor of 144 and w.
18
Let n = -61 + 61. Suppose n*s + 8*s - 64 = 0. What is the highest common divisor of s and 248?
8
Let w = 207960 + -207835. Suppose -g = 1 - 6. What is the highest common divisor of w and g?
5
Let f = 892 - 388. Suppose -4 = 4*m - f. What is the greatest common factor of m and 50?
25
Suppose -13*p = -5*p - 96. Suppose a - 648 = -a. Calculate the greatest common divisor of a and p.
12
Let s be (-4)/468*-35199 + 4/26. Calculate the highest common divisor of 42441 and s.
301
Suppose -93*z - 104*z + 292386 = 90855. Calculate the greatest common divisor of z and 124.
31
Suppose 17*g = 750 - 155. Calculate the highest common divisor of 532 and g.
7
Suppose 7*b - 36617 = 19369. Calculate the highest common factor of 172 and b.
86
Let f be -6 - (4 - 50/10)*63. What is the highest common divisor of 15 and f?
3
Suppose -4*t = -146 + 86. Let o = 273 + -168. Calculate the greatest common divisor of o and t.
15
Let t = 273 + -266. Suppose -4*f + t*f - d - 568 = 0, -578 = -3*f - 4*d. What is the highest common divisor of f and 76?
38
Let u = 682 + -677. Suppose u*l - 200 = -4*r, 4*r - 5*l - 16 - 184 = 0. What is the greatest common divisor of 170 and r?
10
Suppose 0 = -12*c + 6134 - 2294. What is the highest common divisor of 70 and c?
10
Let a be 350/8 + 2/8. Let c(q) = -23*q + 51. Let h be c(-6). Let u = h + -156. What is the greatest common divisor of u and a?
11
Let b = -243 + 240. Let f(s) = -5*s**3 + 5*s**2 + 14*s + 5. Let x be f(b). Calculate the highest common divisor of 13 and x.
13
Let q = 53 - -76. Let o(l) = l**3 + 6*l**2 - 8*l - 5. Let f be ((-12)/10)/((-14)/(-70)). Let k be o(f). What is the highest common factor of q and k?
43
Let l(d) = 5*d**2 - 10*d - 437. Let a be l(-16). Calculate the highest common divisor of a and 17.
17
Let d be 6/(-2*3/(-248)). Suppose -22 - 38 = -2*x. Let v be x - 8/12*9/(-6). Calculate the highest common factor of d and v.
31
Let q(z) = 2 - z - 17*z + 6*z**2 + 15*z. Let j be q(1). Let m(c) = 2*c**3 - 2*c**2 - 8*c + 5. Let d be m(j). Calculate the greatest common divisor of 15 and d.
15
Suppose 36*h - 468 = -4*h + 132. Calculate the highest common divisor of 1930 and h.
5
Suppose -7*a + 3938 + 2286 = -10660. Calculate the highest common factor of 67 and a.
67
Let j be (-9)/3 + 11382/14. Suppose 754*r - j = 748*r. What is the greatest common divisor of 45 and r?
45
Suppose k = -h + 6, 0*h + 18 = 5*k - h. Suppose -15 = -k*b + 25. Suppose 2*m - b - 52 = -4*n, -85 = -5*n - m. Calculate the greatest common divisor of 2 and n.
2
Let c = -18 + 303. Calculate the greatest common divisor of 1235 and c.
95
Let v(g) = g**3 + 4*g**2 - 5*g + 10. Let k be v(-5). Suppose -11*u + 66 = -k*u. Suppose 248 = 12*y - 16. Calculate the highest common factor of u and y.
22
Let v be (11/((-198)/63))/(2/(-60)). Calculate the highest common divisor of v and 231.
21
Let j